divisor of x and y?
18
Let q(w) = 2*w**2 - 38*w - 595. Let h be q(-25). Calculate the greatest common factor of 15 and h.
15
Suppose 63 + 357 = 30*r. What is the greatest common divisor of 133 and r?
7
Let j be -3*(50/6)/(-5). Let i be 2/j - (-43)/5. Let l(d) = -d**3 + 9*d**2 + 2*d - 13. Let w be l(i). What is the highest common factor of 20 and w?
5
Let f = 98 - 46. Let y = 199 - f. Suppose -5*n + y = -w - 174, -n + 3*w = -67. Calculate the greatest common factor of n and 8.
8
Let o = 539 - 529. Let u = -4 - -7. Suppose 0 = t, 0 = -5*c - u*t + 10 - 0. Calculate the highest common divisor of o and c.
2
Suppose -4*b - 4*z + 24 = 0, -6*b + b + 3*z = -30. Suppose 5*f + 2*o = -0*f + 86, f + 3*o = 12. What is the highest common divisor of b and f?
6
Let g = -1660 - -1855. Calculate the highest common factor of 45 and g.
15
Let d = -447 + 465. What is the highest common factor of 297 and d?
9
Suppose -x - 2 = -n - 6, -2*x + n + 6 = 0. Let a be (-36)/(-4 + 4 - x). Let f be 2412/27 + (-4)/(-6). What is the greatest common divisor of f and a?
18
Suppose -198 = 2*l - 340. What is the highest common factor of l and 568?
71
Let a = 6 - 11. Let c be -4*1 - (-33 + a). Calculate the highest common factor of c and 51.
17
Let w(d) = -d**3 - 10*d**2 - 5*d - 4. Let v be w(-10). Let j = v - 33. What is the highest common factor of 26 and j?
13
Suppose -h - k = -2, 0 = -4*h + 3*k + 7 + 15. Suppose -h*v = 2*s - 50, -4*v + 46 = -4*s + 2*s. What is the greatest common factor of v and 9?
3
Suppose -3*g + 69 = 2*u + u, 26 = g - 2*u. Suppose -4*z - x + 244 = 0, 491*z - 492*z + 3*x + 48 = 0. Calculate the greatest common divisor of g and z.
12
Suppose 0 = -5*j + 3*h + 41, 40 = 2*j + 2*h + 14. What is the greatest common divisor of 30 and j?
10
Suppose -10*k + 12*k + 5*o - 2 = 0, 2*o = -2*k + 2. Calculate the greatest common factor of 11 and k.
1
Let t(v) = v**2 - 6*v + 272. Let f be t(0). What is the highest common factor of f and 16?
16
Let r be 14 + (-3 + 0 - -7). Let v be (-4 - -1)/((-6)/4). Suppose 0 = n - v - 0. Calculate the greatest common divisor of r and n.
2
Let f(s) = -s**2 + 5*s - 3. Let o(c) = -2*c**2 + 11*c - 5. Let a(w) = -5*f(w) + 2*o(w). Let p be a(3). What is the highest common divisor of 2 and p?
1
Let y = 342 + -188. Calculate the greatest common factor of 22 and y.
22
Let o be (-242)/6*-1*(-18)/(-6). Let m = -51 + o. Calculate the highest common divisor of m and 14.
14
Let r = -47 + 89. Suppose 0 = -19*m + 15*m + 24. Calculate the highest common divisor of r and m.
6
Let a(p) = -2*p**3 - 3*p**2 + 2. Let j be a(-2). Let w(d) = 2*d + 8. Let m be w(j). Calculate the greatest common factor of 160 and m.
20
Suppose -o = -2*f + 91, -5*f - 58 = -2*o - 284. Let g(v) = v**2 - 14*v - 13. Let r be g(13). Let t = r + 37. Calculate the highest common factor of t and f.
11
Let z = 290 + -283. Suppose -35 = -0*y - 5*y. Calculate the highest common factor of z and y.
7
Suppose 4*o - 2*o - 5*j - 185 = 0, o = 2*j + 93. Suppose -4*w = l - 0*w - 30, l = -2*w + 30. Let n = l - 11. What is the highest common factor of o and n?
19
Let x(j) = -10*j - 70. Let f be x(-8). Calculate the highest common factor of 70 and f.
10
Suppose -52 = 7*n + 60. Let g = 192 - n. Calculate the greatest common divisor of g and 52.
52
Let w = 1424 + -1389. Let p be (0 - -70)*(-2)/(-4). Calculate the highest common factor of p and w.
35
Let c be ((-24)/14)/(-2*(-6)/(-462)). Let k = c - 64. What is the highest common factor of k and 10?
2
Let y = -30 - -35. Let h be (28/8)/(y/100). Calculate the highest common divisor of 7 and h.
7
Let d(y) = -y**2 - 13*y + 2. Let h be d(-18). Let a = -74 - h. Calculate the greatest common factor of 7 and a.
7
Let r = -20 + 28. Let v(c) = 8 - 2 + r - 3*c. Let j be v(-12). Calculate the highest common factor of 25 and j.
25
Let y = -312 - -587. Suppose 2*h + 65 = y. Calculate the greatest common factor of h and 70.
35
Let o(h) = h**3 - 4*h**2 + h - 1. Let s be o(4). Let l be 5/15 - (-29)/s. Suppose q - 3*q = -l. What is the greatest common divisor of 5 and q?
5
Suppose 21*v - 11755 = 6767. Calculate the highest common factor of v and 9.
9
Let d be ((48/(-15))/1)/((-2)/5). Suppose -d*o + 10*o = 304. Calculate the highest common factor of 8 and o.
8
Let a(w) = w**3 + 6*w**2 + 4*w - 3. Suppose -2*o - 4 - 6 = 0. Let x be a(o). Suppose 0 = -x*f - f + 84. Calculate the highest common divisor of f and 42.
14
Let k be (-24 - 2)/((-33)/(-18) + -2). What is the greatest common factor of k and 144?
12
Let b(v) = 20*v + 2. Let z = 30 - 25. Let j be b(z). What is the highest common divisor of j and 34?
34
Let k be (-156)/9*3/(-2). Let y = -184 + 418. Calculate the highest common divisor of k and y.
26
Let b(c) = -c**2 + 7*c - 6. Let g be b(4). Let l(m) = 3*m**2 - 14*m + 16. Let d be l(g). What is the greatest common factor of 40 and d?
40
Suppose -6*v = -95 + 353. Let l = -13 - v. What is the greatest common factor of l and 6?
6
Suppose 11*s + 1105 - 137 = 0. Let u = 109 + s. Calculate the greatest common divisor of 7 and u.
7
Let x be 1/7*31 + (-12)/28. Let v(l) = 3*l**2 - 5*l - 7. Let f be v(x). Calculate the greatest common factor of 21 and f.
21
Let p be (4 - 15/10)*(-246)/(-5). What is the greatest common factor of 6 and p?
3
Suppose -2*g + 5*s + 2133 = 0, -6*g + 4231 = -2*g - 3*s. What is the highest common factor of 68 and g?
34
Let k = 5 - 4. Suppose d - k + 2 = 0. Let b = d - -24. What is the highest common divisor of b and 161?
23
Let y be 93/((-1)/2 + 1). Suppose 3*j - y = -3*j. Calculate the highest common factor of 31 and j.
31
Let g(c) = 2*c**2 - 6*c + 36. Let o be g(-10). Calculate the greatest common factor of 8 and o.
8
Let j be (-26)/(-585)*15 + 2396/6. Calculate the greatest common divisor of 24 and j.
8
Suppose -28 = -x - 27. Let q be -37 + 52 - (x*2 - 0). What is the highest common divisor of 195 and q?
13
Let t = 62 + -16. Let n be (230/(-3))/((-15)/45). Suppose -n = 4*w - 6*w. What is the greatest common factor of w and t?
23
Suppose -5*h - 31 = -4*l, 2*l - 4*l = -h - 11. Suppose -l*j = -4*b - 6*j + 90, 2*b = 2*j + 60. Calculate the greatest common factor of b and 75.
25
Let o(v) = -13*v**3 - 17*v**2 - 7*v + 1. Let q be o(-5). What is the highest common divisor of 12 and q?
12
Let b = -78 - -249. Calculate the highest common divisor of 57 and b.
57
Let h = -239 + 256. What is the highest common divisor of h and 17?
17
Suppose -2778 - 570 = -9*p. What is the highest common factor of 62 and p?
62
Let v(k) = 17*k + 1109. Let g be v(-61). Calculate the greatest common divisor of 456 and g.
24
Let c = -69 + 94. Let j be (-20)/((-156)/(-40) + -4). What is the greatest common factor of j and c?
25
Let l = 3 + 0. Suppose 0 = -l*k + 9, -2*u + 7*u = -4*k + 107. Let s = u + -14. Calculate the greatest common factor of s and 40.
5
Suppose -4*i + 1261 = -17*i. Let o = i - -169. Let d = 6 + 3. What is the greatest common factor of o and d?
9
Let u(o) = -23*o - 20. Let x be u(5). Let t = -91 - x. Suppose 4*q - 276 = -3*z, -280 = -0*q - 4*q - 4*z. Calculate the greatest common factor of t and q.
22
Suppose 1054 = 5*h + 59. Suppose -529 = -5*a - h. What is the highest common factor of 44 and a?
22
Let c be (40/(-16)*-1)/(1/58). Suppose -5*u + 54 = 2*w - w, 3*u - 73 = -2*w. What is the highest common divisor of w and c?
29
Suppose 389*g - 372*g = 1547. Calculate the greatest common factor of g and 39.
13
Suppose 0 = 5*p + 2*h - 100, -4*p - 9*h = -4*h - 63. What is the highest common factor of 14 and p?
2
Suppose 5*m = 2*m + 45. Let i = 20 - m. Suppose -3*v - t + 9 = -5*t, v - 3 = -i*t. Calculate the highest common factor of 6 and v.
3
Suppose -5*x - 159 = 3*v - 174, -5*x = -v + 5. Suppose -o - 30 = -3*o. What is the highest common factor of o and v?
5
Suppose 3*u - 168 = -0*u. Suppose -n = -c + 1, 3*c - 22 = -5*n + 13. Suppose -34 = -n*f - 2. Calculate the highest common divisor of f and u.
8
Let i be (-3)/((-4)/(8/3)). Let l(u) be the third derivative of 7*u**5/60 - u**4/24 - 14*u**2. Let b be l(i). What is the greatest common factor of b and 130?
26
Let i = 2496 + -962. What is the highest common divisor of 26 and i?
26
Suppose 0 = -8*o + 287 + 881. What is the highest common factor of 511 and o?
73
Suppose 4*p - 549 = -o, -85 = -p - 2*o + 61. Let v = -2 + 1. Let i